{"id":5757,"date":"2017-11-12T10:29:10","date_gmt":"2017-11-12T09:29:10","guid":{"rendered":"https:\/\/weberei.dyndns-blog.com\/?page_id=5757"},"modified":"2021-07-02T12:00:51","modified_gmt":"2021-07-02T10:00:51","slug":"freunde","status":"publish","type":"page","link":"https:\/\/weberei.dyndns-blog.com\/?page_id=5757","title":{"rendered":"Freunde"},"content":{"rendered":"<p>\u00dcberblick \u00fcber diverse Aktivit\u00e4ten mit Freunden, u.a.:<\/p>\n<ul>\n<li><a href=\"https:\/\/weberei.dyndns-blog.com\/?cat=434\">Artikel nach Jahren<\/a><br \/>\nChronologisch, themen\u00fcbergreifend<\/p>\n<ul>\n<li><a href=\"https:\/\/weberei.dyndns-blog.com\/?cat=439\">1990er<\/a><\/li>\n<li><a href=\"https:\/\/weberei.dyndns-blog.com\/?cat=440\">2000er<\/a><\/li>\n<li><a href=\"https:\/\/weberei.dyndns-blog.com\/?cat=441\">2010er<\/a><\/li>\n<li>2020er<\/li>\n<\/ul>\n<\/li>\n<li><a href=\"https:\/\/weberei.dyndns-blog.com\/?cat=455\">Sonstiges<\/a>\n<ul>\n<li><a href=\"https:\/\/weberei.dyndns-blog.com\/?cat=164\" target=\"_blank\" rel=\"noopener noreferrer\">Wandern mit den Jungs<br \/>\n<\/a>Einblicke in die mehrt\u00e4gigen Vatertagswanderungen<\/li>\n<li><a href=\"https:\/\/weberei.dyndns-blog.com\/?cat=426\">Reisen<\/a><br \/>\nDiverse Reisen mit Freunden<\/li>\n<li><a href=\"https:\/\/weberei.dyndns-blog.com\/?cat=431\">Abi-Jahrgang 1995<\/a><br \/>\nABIgator, was sonst?!<\/li>\n<\/ul>\n<\/li>\n<li><a href=\"https:\/\/weberei.dyndns-blog.com\/?cat=407\">Feiern mit bzw. bei Freunden<\/a><br \/>\nFeiern geht immer!<\/li>\n<li><a href=\"https:\/\/weberei.dyndns-blog.com\/?cat=443\">Veranstaltungen<\/a><br \/>\nIrgendwas ist immer.<\/li>\n<\/ul>\n<hr \/>\n<p><a href=\"https:\/\/weberei.dyndns-blog.com\/wp-content\/uploads\/2020\/11\/ParadoxicalCommandments.jpg\"><img loading=\"lazy\" decoding=\"async\" class=\"alignnone size-large wp-image-25563\" src=\"https:\/\/weberei.dyndns-blog.com\/wp-content\/uploads\/2020\/11\/ParadoxicalCommandments-719x1200.jpg\" alt=\"\" width=\"660\" height=\"1102\" srcset=\"https:\/\/weberei.dyndns-blog.com\/wp-content\/uploads\/2020\/11\/ParadoxicalCommandments-719x1200.jpg 719w, https:\/\/weberei.dyndns-blog.com\/wp-content\/uploads\/2020\/11\/ParadoxicalCommandments-240x400.jpg 240w, https:\/\/weberei.dyndns-blog.com\/wp-content\/uploads\/2020\/11\/ParadoxicalCommandments-90x150.jpg 90w, https:\/\/weberei.dyndns-blog.com\/wp-content\/uploads\/2020\/11\/ParadoxicalCommandments-768x1282.jpg 768w, https:\/\/weberei.dyndns-blog.com\/wp-content\/uploads\/2020\/11\/ParadoxicalCommandments-920x1536.jpg 920w, https:\/\/weberei.dyndns-blog.com\/wp-content\/uploads\/2020\/11\/ParadoxicalCommandments-700x1168.jpg 700w, https:\/\/weberei.dyndns-blog.com\/wp-content\/uploads\/2020\/11\/ParadoxicalCommandments-332x554.jpg 332w, https:\/\/weberei.dyndns-blog.com\/wp-content\/uploads\/2020\/11\/ParadoxicalCommandments.jpg 1227w\" sizes=\"auto, (max-width: 660px) 100vw, 660px\" \/><\/a><\/p>\n","protected":false},"excerpt":{"rendered":"<p>\u00dcberblick \u00fcber diverse Aktivit\u00e4ten mit Freunden, u.a.: Artikel nach Jahren Chronologisch, themen\u00fcbergreifend 1990er 2000er 2010er 2020er Sonstiges Wandern mit den Jungs Einblicke in die mehrt\u00e4gigen Vatertagswanderungen Reisen Diverse Reisen mit Freunden Abi-Jahrgang 1995 ABIgator, was sonst?! Feiern mit bzw. bei Freunden Feiern geht immer! Veranstaltungen Irgendwas ist immer.<\/p>\n","protected":false},"author":1,"featured_media":0,"parent":0,"menu_order":0,"comment_status":"closed","ping_status":"closed","template":"template-content-sidebar.php","meta":{"footnotes":""},"class_list":["post-5757","page","type-page","status-publish","hentry","column","onecol"],"_links":{"self":[{"href":"https:\/\/weberei.dyndns-blog.com\/index.php?rest_route=\/wp\/v2\/pages\/5757","targetHints":{"allow":["GET"]}}],"collection":[{"href":"https:\/\/weberei.dyndns-blog.com\/index.php?rest_route=\/wp\/v2\/pages"}],"about":[{"href":"https:\/\/weberei.dyndns-blog.com\/index.php?rest_route=\/wp\/v2\/types\/page"}],"author":[{"embeddable":true,"href":"https:\/\/weberei.dyndns-blog.com\/index.php?rest_route=\/wp\/v2\/users\/1"}],"replies":[{"embeddable":true,"href":"https:\/\/weberei.dyndns-blog.com\/index.php?rest_route=%2Fwp%2Fv2%2Fcomments&post=5757"}],"version-history":[{"count":0,"href":"https:\/\/weberei.dyndns-blog.com\/index.php?rest_route=\/wp\/v2\/pages\/5757\/revisions"}],"wp:attachment":[{"href":"https:\/\/weberei.dyndns-blog.com\/index.php?rest_route=%2Fwp%2Fv2%2Fmedia&parent=5757"}],"curies":[{"name":"wp","href":"https:\/\/api.w.org\/{rel}","templated":true}]}}