{"id":58,"date":"2016-04-11T18:03:12","date_gmt":"2016-04-11T16:03:12","guid":{"rendered":"http:\/\/192.168.204.111\/wordpress\/?page_id=58"},"modified":"2021-04-09T15:46:50","modified_gmt":"2021-04-09T13:46:50","slug":"urlaub-london-paris-2012-teil-1","status":"publish","type":"page","link":"https:\/\/weberei.dyndns-blog.com\/","title":{"rendered":"Startseite"},"content":{"rendered":"<blockquote><p><span style=\"font-size: 14pt;\"><strong>Die gef\u00e4hrlichste aller Weltanschauungen ist die Weltanschauung der Leute, welche die Welt nicht angeschaut haben.\u201c<br \/>\n<span style=\"font-size: 10pt;\"><em>Alexander von Humboldt<\/em><\/span><\/strong><\/span><\/p><\/blockquote>\n<p>Auf diesen Seiten stellen wir die Erlebnisse unserer Familie vor.<\/p>\n<p>Dies soll zum einen der Information Dritter dienen und zum anderen hat es den Charme eines &#8222;Familientagebuchs&#8220; und hilft uns dabei das Geschehene noch besser in Erinnerung zu behalten.<\/p>\n<p>Nat\u00fcrlich sind dies in erster Linie (sehr) pers\u00f6nliche Erlebnisse. Deshalb werden die \u00f6ffentlich aufrufbaren Inhalte auch entsprechend &#8222;ausgesiebt&#8220;, d.h. es werden<\/p>\n<ol style=\"list-style-type: lower-alpha;\">\n<li>Inhalte gar nicht angezeigt (z.B. einzelne Artikel oder Kategorien)<\/li>\n<li>Weniger Inhalte angezeigt (z.B. anderer Text, andere Bilder)<\/li>\n<\/ol>\n<p>Wer also in den Genu\u00df des vollen Inhaltes kommen m\u00f6chte sollte sich registrieren (-&gt; <a href=\"https:\/\/weberei.dyndns-blog.com\/?page_id=1171\">Registrierung<\/a>).<\/p>\n<p>Angemeldet sind dann deutlich mehr Inhalte verf\u00fcgbar (-&gt; <a href=\"https:\/\/weberei.dyndns-blog.com\/?page_id=1170\">Anmeldung<\/a>).<\/p>\n<p>Als Browser wird Mozilla Firefox empfohlen.<\/p>\n<p>In diesem Sinne viel Spass auf unseren Seiten.<\/p>\n<p>Die WEBEREI<\/p>\n","protected":false},"excerpt":{"rendered":"<p>Die gef\u00e4hrlichste aller Weltanschauungen ist die Weltanschauung der Leute, welche die Welt nicht angeschaut haben.\u201c Alexander von Humboldt Auf diesen Seiten stellen wir die Erlebnisse unserer Familie vor. Dies soll zum einen der Information Dritter dienen und zum anderen hat es den Charme eines &#8222;Familientagebuchs&#8220; und hilft uns dabei das &#8230;<\/p>\n","protected":false},"author":1,"featured_media":0,"parent":0,"menu_order":0,"comment_status":"closed","ping_status":"closed","template":"template-sidebar-content.php","meta":{"footnotes":""},"class_list":["post-58","page","type-page","status-publish","hentry","column","onecol"],"_links":{"self":[{"href":"https:\/\/weberei.dyndns-blog.com\/index.php?rest_route=\/wp\/v2\/pages\/58","targetHints":{"allow":["GET"]}}],"collection":[{"href":"https:\/\/weberei.dyndns-blog.com\/index.php?rest_route=\/wp\/v2\/pages"}],"about":[{"href":"https:\/\/weberei.dyndns-blog.com\/index.php?rest_route=\/wp\/v2\/types\/page"}],"author":[{"embeddable":true,"href":"https:\/\/weberei.dyndns-blog.com\/index.php?rest_route=\/wp\/v2\/users\/1"}],"replies":[{"embeddable":true,"href":"https:\/\/weberei.dyndns-blog.com\/index.php?rest_route=%2Fwp%2Fv2%2Fcomments&post=58"}],"version-history":[{"count":0,"href":"https:\/\/weberei.dyndns-blog.com\/index.php?rest_route=\/wp\/v2\/pages\/58\/revisions"}],"wp:attachment":[{"href":"https:\/\/weberei.dyndns-blog.com\/index.php?rest_route=%2Fwp%2Fv2%2Fmedia&parent=58"}],"curies":[{"name":"wp","href":"https:\/\/api.w.org\/{rel}","templated":true}]}}